6*n. Let z(u) = 76*u + 56. Let j(p) = -12*q(p) + z(p). Calculate j(-19).
-20
Let u be (2 + 0)/(2/(-8)). Let d(f) = 130 - 9*f**2 + 129 - f**3 + 126 - 7*f - f - 380. Give d(u).
5
Let b be (-3)/(6*(-8)/96). Let i = 20 + -19. Let d(h) = h**3 + i + 0*h**3 + 0*h**2 - 5*h**2 + 0*h**3 - 6*h. Determine d(b).
1
Let f be (-20)/(-8)*-2 - -12. Let q(l) = -l**2 + 8*l - 22. Calculate q(f).
-15
Suppose 3*v = -12*a + 17*a + 27, -2*a - 2*v - 30 = 0. Let h(c) = c**2 + 6*c - 44. Calculate h(a).
-17
Let b(o) = 26*o + 325. Let z(f) = -77*f - 936. Let r(t) = -8*b(t) - 3*z(t). Calculate r(-9).
1
Let t(x) = 3*x**2 + 42*x + 3 + 5*x - 6*x**3 + 0 - 49*x. Give t(2).
-37
Let n(i) = 2*i**2 - i**2 - 3*i**2 + 6*i. Suppose -65 = -22*s + 17*s. Suppose 0 = -g + s*g - 48. Determine n(g).
-8
Let a(m) = m**3 + 5*m + 12. Let w(x) = x + 2. Let l(g) = -a(g) + 6*w(g). Let n(v) = 3*v**3 - 5*v**2 - 6. Let j(k) = -2*l(k) - n(k). Give j(4).
14
Let v(i) = 7*i**2 + i - 7. Let h = -439 + 438. Let r(t) = -2. Let c(n) = h*v(n) + 3*r(n). Give c(1).
-7
Suppose 9 = -2*z + 5*z. Let n(i) = -2*i**2 + 5*i + 1. Let y(a) = -5*a**2 + 14*a + 2. Let b(x) = z*y(x) - 8*n(x). Let w be (28/119)/(2/17). Give b(w).
6
Let l(c) = 10 + 31*c**2 - 10*c**2 + c**3 + 5*c + 165 - c + 24*c**2. Calculate l(-45).
-5
Let l(x) = -80*x - 109. Let u(w) = 109*w + 146. Let t(q) = -11*l(q) - 8*u(q). Give t(-5).
-9
Let f(i) be the third derivative of i**5/60 - 5*i**4/24 - 23*i**3/6 - 1385*i**2. What is f(8)?
1
Let k be 201/(-268) + (6/60)/((-2)/(-95)). Let v(d) = -d**2 + 3. Let g be v(0). Let t(p) = 2*p**g - 3 - 7*p**2 - 2 + p**2 - p**3 + 7*p. What is t(k)?
-9
Let z(f) = 26 - 15 + 5*f**2 + f**3 - 15. Let p be ((5/2)/(2/(-4)))/1. Give z(p).
-4
Let o = 15076 - 15083. Let p(w) = 2*w**2 + 6 - 1 + w**2 - 4*w**2. Determine p(o).
-44
Suppose 0 = -4*g + 11*g + 49. Let k be g - (-1 - 3) - -7. Let o(h) = h**2 - 3*h - 5. Calculate o(k).
-1
Let u(r) = 44*r + 3303. Let z be u(-75). Let c(d) = -4*d + 5*d + 0 - 4. Calculate c(z).
-1
Let n(j) be the third derivative of j**6/120 + 2*j**5/15 + 7*j**4/12 + 7*j**3/3 + 4442*j**2. Calculate n(-7).
-35
Let c(r) = r. Suppose -8*y = -3*y + 10. Let b be 6 + (-1)/y*-6. Let q = b + 1. Give c(q).
4
Let c(x) = -19*x + 10. Let u(i) = -13*i + 6. Let s(g) = -5*c(g) + 7*u(g). Calculate s(11).
36
Let i(t) = t**3 + t**2 + t - 3. Let z(k) = -3*k**3 - 10*k**2 - 2*k + 4. Suppose -97 = -9*v - 79. Let r(g) = v*i(g) + z(g). Determine r(-8).
-2
Let w(m) = -117*m - 156. Let r(d) = -15*d - 22. Let t(b) = -15*r(b) + 2*w(b). Determine t(5).
-27
Let i(d) = -d**3 - 12*d**2 - d - 9. Let b = 115 + -317. Let l = 103 + b. Let x = l - -87. Give i(x).
3
Let z be -2*((-40)/5 + 13). Let p(x) = -x**3 - 7*x**2 + 31*x + 19. Let d be p(z). Let a(j) = -2*j - 4. Calculate a(d).
-22
Let i(s) = 10*s - 39. Suppose r + x = 0, 2*r + 8*x + 8 = 4*x. Let f be i(r). Let a(q) = -11*q + 1. Give a(f).
-10
Suppose 0 = -778*l + 769*l + 81. Suppose 2*c - 10 = -c - 4*j, 4*c = 3*j + 30. Let n be (l/c)/((-1)/(-2)). Let k(b) = 5*b + 2. Determine k(n).
17
Let o(f) = -2*f**2 + 8*f + 17. Let h be o(7). Let y = -17 - h. Let p(r) = -r**3 + 9*r**2 - 6*r + 1. Give p(y).
17
Suppose 5*a - 4*s - 21 = 0, -12 = 2*a - 30*s + 25*s. Let r(c) be the first derivative of -c**3/3 + 9*c**2/2 - 2*c + 6. Calculate r(a).
-2
Let b(i) be the first derivative of 13*i**2/2 + 189*i - 1846. Give b(-15).
-6
Let u(j) = -j**3 - 12*j**2 - 28*j - 4. Let b = -435 + -135. Let h = -579 - b. Calculate u(h).
5
Let x(d) = -d**2 + 8*d - 10. Let m be x(6). Suppose -3*q + 16 = m*z, -4*z + 0*z = -q + 10. Let p(b) = b**3 + 0*b + 5*b - q*b**2 - 2*b - 1. Give p(5).
-11
Let q(f) = f**3 - 147*f**2 - 13785*f + 1061. Let p be q(212). Let s(l) = -11*l + 4. Let t(j) = -12*j + 3. Let u(r) = 2*s(r) - 3*t(r). What is u(p)?
13
Suppose 135 = 15*k - 90. Let l be (8/(-10))/(6/k). Let d(p) = 1. Let j(t) = 3*t - 1. Let w(v) = -4*d(v) - 2*j(v). Calculate w(l).
10
Suppose -10*i = -80 - 10. Suppose -2*s = 10, 5*c + 16 = -5*s - i. Let p(h) = h**3 + h**2 - h + 24. Determine p(c).
24
Let c(h) = -2*h**2 - 8*h - 2. Let s(i) = -9*i**2 + 8*i - 124. Let n(p) = 4*c(p) - s(p). Determine n(3).
5
Let h(i) = 382*i - 19. Let p(k) = 1224*k - 58. Let q(v) = 16*h(v) - 5*p(v). Calculate q(-4).
18
Let y be (-2)/6*-3 - 0. Suppose 0 = 10*r - 9*r - 9. Let t(s) = 5588 - 3*s - r*s - 5587. What is t(y)?
-11
Let b(a) = -a**2 - 3*a + 1. Let d(t) = -7*t**2 + 6*t + 7. Let n(j) = -6*b(j) + d(j). Let z be n(24). Let f(y) = 7*y**3 + y**2 - 2. Calculate f(z).
6
Let c(g) = 11*g + 778. Let n be c(-71). Let t(j) = 7*j**2 + 4*j + 4. Determine t(n).
55
Suppose 130*d = -79*d - 615 - 848. Let q(f) = 2*f - 4*f**2 + 10 - f**3 + 3*f**2 - 5*f**2 + 6*f. What is q(d)?
3
Let a(b) = 13*b + 1. Let g(u) be the first derivative of -u**4/4 - 11*u**3/3 + 6*u**2 - u + 3709. Let f be 5/(10/(-24))*1. Let w be g(f). Determine a(w).
-12
Let f(v) = -2*v**2 + 29*v - 10. Let z be f(14). Suppose 4*o - o - 162 = j, -217 = -z*o + j. Let k = o + -61. Let b(a) = -a. What is b(k)?
6
Suppose -28 + 64 = 2*y. Let a = -14 + y. Let d(i) = i**3 - 4*i**2 + 2*i - 6. What is d(a)?
2
Let i(v) = -v**2 - v - 29. Let f = 416 + -392. Suppose -f*k - 30 = -30. What is i(k)?
-29
Let n(h) = -4*h - 8. Let b(d) be the second derivative of -d**5/20 + 5*d**4/12 + 2*d**3/3 - 13*d**2 + 42*d. Let m be b(5). Determine n(m).
16
Let a(j) be the first derivative of -j**3/3 - 13*j**2/2 + 19*j + 1590. Calculate a(-15).
-11
Suppose 9*n - 9 = -3*w + 4*n, -5*w + 5*n = 25. Let h(l) = l - 11. Let r(f) = -2*f + 20. Let a(i) = 11*h(i) + 6*r(i). Calculate a(w).
1
Let b(w) be the first derivative of 3*w**4/4 - w**3/3 - w**2/2 + 4*w - 8908. Determine b(-2).
-22
Let x(u) = u**3 + 5*u**2 - 7*u - 3. Let r(a) = a**3 - 28*a**2 - 125*a - 102. Let o be r(32). Determine x(o).
3
Let t be (-3)/(0 - -3) - -6. Suppose -w + 1 + 3 = t*l, 73 = 4*w + l. Suppose -w = 4*o + 13. Let a(y) = y + 3. Calculate a(o).
-5
Let n(b) = b**3 + b + 164. Suppose -7*y + 25*y = -21*y. Calculate n(y).
164
Let m = -1025 - -1023. Let s(v) = -1 - 4*v**3 - 2*v**2 + 1 - 2 + v. What is s(m)?
20
Let p(h) = h**2 + 2*h + 4. Let j(y) = -34*y + 238. Let s be j(7). Suppose 12*v - 5 - 31 = s. What is p(v)?
19
Let d(z) = -2*z - 1. Let m(n) = -47*n**2 - 28*n**2 - 3*n - 3 + 74*n**2. Let c(l) = -l. Let j be c(2). Let q be m(j). What is d(q)?
1
Let m(c) = c - 2. Let t(x) = -3*x**2 + 2*x**2 - 41 + 804*x - 786*x. Let d be t(3). Determine m(d).
2
Let n(w) = -2 - 4*w**3 + 5*w**2 + 7*w + 7 + 3*w**3. Suppose 90*t + 5*k = 95*t - 20, k = -1. Suppose 20*m = 17*m - t, 22 = 4*g + 2*m. What is n(g)?
11
Let y(n) = -2*n + 11. Let f be y(-4). Let z = -24 + f. Let x(v) = -2*v**2 - v + 1. Let w(p) = -p**2 - p. Let m(j) = z*w(j) + 2*x(j). Calculate m(-3).
2
Let b(u) = -u**2 + 7*u - 9. Suppose -m - g = -4, -m + 3*g = 2*m - 12. Suppose 5*k - c - 29 = 0, 0*k + 28 = m*k - 2*c. What is b(k)?
1
Let p be -4*((-36)/(-120))/(6/5). Let b(d) = -20*d - 11. Calculate b(p).
9
Let q(o) = 5. Let y(l) = l + 2. Suppose 2*h + 2 = -0. Let x(t) = h*q(t) + 3*y(t). Let k(c) = -3*c**2 + c. Let j be k(1). Calculate x(j).
-5
Suppose 2*q = 5*v + 30 - 10, 4*q - 2*v - 8 = 0. Suppose 11*z + 5 - 16 = q. Let m(b) be the third derivative of b**5/20 + b**4/12 - b**3/6 - 2*b**2. Give m(z).
4
Suppose d + 168 = 5*q, 110 = -q + 4*q + 4*d. Let w(s) = q*s - 33*s + 1 - 3. Let i(a) = -a - 8. Let m be i(-11). Calculate w(m).
1
Let k(h) be the third derivative of 0*h + 7 - 1/3*h**4 + 5/3*h**3 - 2*h**2 + 1/60*h**5. Give k(7).
3
Let a(f) = 18*f. Let s(o) = -56*o - 9. Let y(n) = -a(n) - s(n). What is y(-2)?
-67
Let c = -112 + 82. Let l be 13/5 + (-12)/c. Let v(u) = -327*u**3 - u**2 - 1 + 326*u**l + 3. Give v(0).
2
Let m(x) = -14*x - x + 1188 - 2559 + 1862. Calculate m(33).
-4
Let f(l) = -l**3 + 23*l**2 + 2*l - 41. Let o be f(23). Let z(t) = -2*t**3 + 11*t**2 - 7*t + 5. Give z(o).
-5
Let a(g) = g**2 + 29*g + 49. Let p be (35748/662)/(0 + -2 + 0). Give a(p).
-5
Let h(l) = -l**3 - 8*l**2 + 6*l - 4. Let w be ((-3)/(-18)*3/(-2))/((-270)/(-7560)). Determine h(w).
-95
Let b(z) = z**3 - 5*z**2 - 5*z - 8. Suppose -4*k + 5*h = -279 - 1681, 2491 = 5*k + 4*h. Let d = k - 489. Determine b(d).
-2
Let g(d) = -d**3 + 34*d**2 + 75*d - 45. Let c be g(36). Suppose 0 = 2*v - c + 81. Let k(h) = 2*h**2 + 17*h - 5. Give k(v).
4
Let c(q) = 13*q - 129. Suppose 0 = -4